{"id":38,"date":"2016-02-03T17:19:36","date_gmt":"2016-02-03T16:19:36","guid":{"rendered":"http:\/\/www.trommel-workshops.de\/teamevents\/?page_id=38"},"modified":"2017-02-10T11:41:41","modified_gmt":"2017-02-10T10:41:41","slug":"locations-trommel-workshops-und-dinnerpercussion","status":"publish","type":"page","link":"https:\/\/www.trommel-workshops.de\/teamevents\/locations-trommel-workshops-und-dinnerpercussion\/","title":{"rendered":"Locations"},"content":{"rendered":"<h1>Veranstaltungsorte<\/h1>\n<h1>f\u00fcr Ihren Workshop oder Betriebsausflug<\/h1>\n<div id=\"metaslider-id-233\" style=\"max-width: 700px;\" class=\"ml-slider-3-106-0 metaslider metaslider-flex metaslider-233 ml-slider ms-theme-default nav-hidden\" role=\"region\" aria-label=\"locations\" data-height=\"300\" data-width=\"700\">\n    <div id=\"metaslider_container_233\">\n        <div id=\"metaslider_233\">\n            <ul class='slides'>\n                <li style=\"display: block; width: 100%;\" class=\"slide-154 ms-image \" aria-roledescription=\"slide\" data-date=\"2016-11-04 17:06:41\" data-filename=\"slidesmall-641x275.jpg\" data-slide-type=\"image\"><img loading=\"lazy\" decoding=\"async\" src=\"https:\/\/www.trommel-workshops.de\/teamevents\/wp-content\/uploads\/2016\/02\/slidesmall-641x275.jpg\" height=\"300\" width=\"700\" alt=\"\" class=\"slider-233 slide-154 msDefaultImage\" \/><\/li>\n                <li style=\"display: none; width: 100%;\" class=\"slide-182 ms-image \" aria-roledescription=\"slide\" data-date=\"2016-11-04 17:08:45\" data-filename=\"instrumentenofferte-641x275.jpg\" data-slide-type=\"image\"><img loading=\"lazy\" decoding=\"async\" src=\"https:\/\/www.trommel-workshops.de\/teamevents\/wp-content\/uploads\/2016\/02\/instrumentenofferte-641x275.jpg\" height=\"300\" width=\"700\" alt=\"\" class=\"slider-233 slide-182 msDefaultImage\" \/><\/li>\n                <li style=\"display: none; width: 100%;\" class=\"slide-13 ms-image \" aria-roledescription=\"slide\" data-date=\"2016-02-02 19:41:27\" data-filename=\"teamdresden-700x300.jpg\" data-slide-type=\"image\"><img loading=\"lazy\" decoding=\"async\" src=\"https:\/\/www.trommel-workshops.de\/teamevents\/wp-content\/uploads\/2016\/02\/teamdresden-700x300.jpg\" height=\"300\" width=\"700\" alt=\"\" class=\"slider-233 slide-13 msDefaultImage\" \/><\/li>\n                <li style=\"display: none; width: 100%;\" class=\"slide-163 ms-image \" aria-roledescription=\"slide\" data-date=\"2016-11-04 17:06:56\" data-filename=\"slidesmall10-641x275.jpg\" data-slide-type=\"image\"><img loading=\"lazy\" decoding=\"async\" src=\"https:\/\/www.trommel-workshops.de\/teamevents\/wp-content\/uploads\/2016\/02\/slidesmall10-641x275.jpg\" height=\"300\" width=\"700\" alt=\"\" class=\"slider-233 slide-163 msDefaultImage\" \/><\/li>\n                <li style=\"display: none; width: 100%;\" class=\"slide-164 ms-image \" aria-roledescription=\"slide\" data-date=\"2016-11-04 17:07:04\" data-filename=\"slidesmall11-641x275.jpg\" data-slide-type=\"image\"><img loading=\"lazy\" decoding=\"async\" src=\"https:\/\/www.trommel-workshops.de\/teamevents\/wp-content\/uploads\/2016\/02\/slidesmall11-641x275.jpg\" height=\"300\" width=\"700\" alt=\"\" class=\"slider-233 slide-164 msDefaultImage\" \/><\/li>\n                <li style=\"display: none; width: 100%;\" class=\"slide-139 ms-image \" aria-roledescription=\"slide\" data-date=\"2016-11-04 17:06:02\" data-filename=\"slidelocaties3-641x275.jpg\" data-slide-type=\"image\"><img loading=\"lazy\" decoding=\"async\" src=\"https:\/\/www.trommel-workshops.de\/teamevents\/wp-content\/uploads\/2016\/02\/slidelocaties3-641x275.jpg\" height=\"300\" width=\"700\" alt=\"\" class=\"slider-233 slide-139 msDefaultImage\" \/><\/li>\n            <\/ul>\n        <\/div>\n        \n    <\/div>\n<\/div>\n<p>&nbsp;<\/p>\n<h1><a href=\"http:\/\/www.trommel-workshops.de\/teamevents\/anfrage-workshops-trommeln-dinnerworkshops-bypercussion-afrikanisch-tanzen\/\" rel=\"attachment wp-att-66\"><img loading=\"lazy\" decoding=\"async\" class=\"alignnone wp-image-66 size-full\" src=\"http:\/\/www.trommel-workshops.de\/teamevents\/wp-content\/uploads\/2016\/02\/button.png\" alt=\"Angebot f\u00fcr Trommelworkshop anfragen\" width=\"506\" height=\"46\" srcset=\"https:\/\/www.trommel-workshops.de\/teamevents\/wp-content\/uploads\/2016\/02\/button.png 506w, https:\/\/www.trommel-workshops.de\/teamevents\/wp-content\/uploads\/2016\/02\/button-300x27.png 300w\" sizes=\"auto, (max-width: 506px) 100vw, 506px\" \/><\/a><\/h1>\n<p>&nbsp;<\/p>\n<p>Wir bieten kraftvolle Djembe- und Trommelworkshops und unterst\u00fctzen Sie nat\u00fcrlich auch dabei, einen geeigneten Veranstaltungsort zu finden.<\/p>\n<p>&nbsp;<\/p>\n<h2>Workshops vor Ort und ohne Aufwand f\u00fcr Sie<\/h2>\n<p>Wir sorgen f\u00fcr die Vorbereitungen, d.h. wir bringen die Percussionsinstrumente mit und k\u00fcmmern uns um das Aufstellen sowie das Abr\u00e4umen. Grunds\u00e4tzlich brauchen Sie keine Trommeln zu organisieren oder zu transportieren, das spart Ihnen viel Aufwand.<\/p>\n<p>&nbsp;<\/p>\n<h2>Percussion f\u00fcr bis zu 300 Personen<\/h2>\n<p>Die Teilnehmerzahl unserer Workshops variiert von 10 bis 300 Personen. Die Anzahl der Workshop-Leiter passen wir entsprechend an. Gr\u00f6\u00dfere Gruppen auf Anfrage. Wir arbeiten vor Ort in ganz Deutschland.<\/p>\n<p>&nbsp;<\/p>\n","protected":false},"excerpt":{"rendered":"<p>Veranstaltungsorte f\u00fcr Ihren Workshop oder Betriebsausflug &nbsp; &nbsp; Wir bieten kraftvolle Djembe- und Trommelworkshops und unterst\u00fctzen Sie nat\u00fcrlich auch dabei, einen geeigneten Veranstaltungsort zu finden. &nbsp; Workshops vor Ort und&#8230; <\/p>\n","protected":false},"author":1,"featured_media":0,"parent":0,"menu_order":0,"comment_status":"closed","ping_status":"closed","template":"page-left.php","meta":{"footnotes":""},"class_list":["post-38","page","type-page","status-publish","hentry"],"yoast_head":"<!-- This site is optimized with the Yoast SEO plugin v27.1.1 - https:\/\/yoast.com\/product\/yoast-seo-wordpress\/ -->\n<title>Locations Trommel-Workshops und Dinnerpercussion<\/title>\n<meta name=\"description\" content=\"Wir bieten kraftvolle Djembe- und Trommelworkshops und unterst\u00fctzen Sie nat\u00fcrlich auch dabei, einen geeigneten Veranstaltungsort zu finden.\" \/>\n<meta name=\"robots\" content=\"index, follow, max-snippet:-1, max-image-preview:large, max-video-preview:-1\" \/>\n<link rel=\"canonical\" href=\"https:\/\/www.trommel-workshops.de\/teamevents\/locations-trommel-workshops-und-dinnerpercussion\/\" \/>\n<meta property=\"og:locale\" content=\"nl_NL\" \/>\n<meta property=\"og:type\" content=\"article\" \/>\n<meta property=\"og:title\" content=\"Locations Trommel-Workshops und Dinnerpercussion\" \/>\n<meta property=\"og:description\" content=\"Wir bieten kraftvolle Djembe- und Trommelworkshops und unterst\u00fctzen Sie nat\u00fcrlich auch dabei, einen geeigneten Veranstaltungsort zu finden.\" \/>\n<meta property=\"og:url\" content=\"https:\/\/www.trommel-workshops.de\/teamevents\/locations-trommel-workshops-und-dinnerpercussion\/\" \/>\n<meta property=\"og:site_name\" content=\"Trommel Workshops\" \/>\n<meta property=\"article:modified_time\" content=\"2017-02-10T10:41:41+00:00\" \/>\n<meta property=\"og:image\" content=\"http:\/\/www.trommel-workshops.de\/teamevents\/wp-content\/uploads\/2016\/02\/button.png\" \/>\n<meta name=\"twitter:card\" content=\"summary_large_image\" \/>\n<meta name=\"twitter:label1\" content=\"Geschatte leestijd\" \/>\n\t<meta name=\"twitter:data1\" content=\"1 minuut\" \/>\n<script type=\"application\/ld+json\" class=\"yoast-schema-graph\">{\"@context\":\"https:\/\/schema.org\",\"@graph\":[{\"@type\":\"WebPage\",\"@id\":\"https:\/\/www.trommel-workshops.de\/teamevents\/locations-trommel-workshops-und-dinnerpercussion\/\",\"url\":\"https:\/\/www.trommel-workshops.de\/teamevents\/locations-trommel-workshops-und-dinnerpercussion\/\",\"name\":\"Locations Trommel-Workshops und Dinnerpercussion\",\"isPartOf\":{\"@id\":\"https:\/\/www.trommel-workshops.de\/teamevents\/#website\"},\"primaryImageOfPage\":{\"@id\":\"https:\/\/www.trommel-workshops.de\/teamevents\/locations-trommel-workshops-und-dinnerpercussion\/#primaryimage\"},\"image\":{\"@id\":\"https:\/\/www.trommel-workshops.de\/teamevents\/locations-trommel-workshops-und-dinnerpercussion\/#primaryimage\"},\"thumbnailUrl\":\"http:\/\/www.trommel-workshops.de\/teamevents\/wp-content\/uploads\/2016\/02\/button.png\",\"datePublished\":\"2016-02-03T16:19:36+00:00\",\"dateModified\":\"2017-02-10T10:41:41+00:00\",\"description\":\"Wir bieten kraftvolle Djembe- und Trommelworkshops und unterst\u00fctzen Sie nat\u00fcrlich auch dabei, einen geeigneten Veranstaltungsort zu finden.\",\"breadcrumb\":{\"@id\":\"https:\/\/www.trommel-workshops.de\/teamevents\/locations-trommel-workshops-und-dinnerpercussion\/#breadcrumb\"},\"inLanguage\":\"nl-NL\",\"potentialAction\":[{\"@type\":\"ReadAction\",\"target\":[\"https:\/\/www.trommel-workshops.de\/teamevents\/locations-trommel-workshops-und-dinnerpercussion\/\"]}]},{\"@type\":\"ImageObject\",\"inLanguage\":\"nl-NL\",\"@id\":\"https:\/\/www.trommel-workshops.de\/teamevents\/locations-trommel-workshops-und-dinnerpercussion\/#primaryimage\",\"url\":\"https:\/\/www.trommel-workshops.de\/teamevents\/wp-content\/uploads\/2016\/02\/button.png\",\"contentUrl\":\"https:\/\/www.trommel-workshops.de\/teamevents\/wp-content\/uploads\/2016\/02\/button.png\",\"width\":506,\"height\":46},{\"@type\":\"BreadcrumbList\",\"@id\":\"https:\/\/www.trommel-workshops.de\/teamevents\/locations-trommel-workshops-und-dinnerpercussion\/#breadcrumb\",\"itemListElement\":[{\"@type\":\"ListItem\",\"position\":1,\"name\":\"Home\",\"item\":\"https:\/\/www.trommel-workshops.de\/teamevents\/\"},{\"@type\":\"ListItem\",\"position\":2,\"name\":\"Locations\"}]},{\"@type\":\"WebSite\",\"@id\":\"https:\/\/www.trommel-workshops.de\/teamevents\/#website\",\"url\":\"https:\/\/www.trommel-workshops.de\/teamevents\/\",\"name\":\"Trommel Workshops\",\"description\":\"Djembe-Trommeln, Bodypercussion, Dinnerworkshops und Teamtrommeln\",\"publisher\":{\"@id\":\"https:\/\/www.trommel-workshops.de\/teamevents\/#organization\"},\"potentialAction\":[{\"@type\":\"SearchAction\",\"target\":{\"@type\":\"EntryPoint\",\"urlTemplate\":\"https:\/\/www.trommel-workshops.de\/teamevents\/?s={search_term_string}\"},\"query-input\":{\"@type\":\"PropertyValueSpecification\",\"valueRequired\":true,\"valueName\":\"search_term_string\"}}],\"inLanguage\":\"nl-NL\"},{\"@type\":\"Organization\",\"@id\":\"https:\/\/www.trommel-workshops.de\/teamevents\/#organization\",\"name\":\"Anitya, training en advies VOF\",\"url\":\"https:\/\/www.trommel-workshops.de\/teamevents\/\",\"logo\":{\"@type\":\"ImageObject\",\"inLanguage\":\"nl-NL\",\"@id\":\"https:\/\/www.trommel-workshops.de\/teamevents\/#\/schema\/logo\/image\/\",\"url\":\"https:\/\/www.trommel-workshops.de\/teamevents\/wp-content\/uploads\/2016\/02\/Die-Trommelenden-Hollander_Tag_Logo.png\",\"contentUrl\":\"https:\/\/www.trommel-workshops.de\/teamevents\/wp-content\/uploads\/2016\/02\/Die-Trommelenden-Hollander_Tag_Logo.png\",\"width\":1512,\"height\":459,\"caption\":\"Anitya, training en advies VOF\"},\"image\":{\"@id\":\"https:\/\/www.trommel-workshops.de\/teamevents\/#\/schema\/logo\/image\/\"}}]}<\/script>\n<!-- \/ Yoast SEO plugin. -->","yoast_head_json":{"title":"Locations Trommel-Workshops und Dinnerpercussion","description":"Wir bieten kraftvolle Djembe- und Trommelworkshops und unterst\u00fctzen Sie nat\u00fcrlich auch dabei, einen geeigneten Veranstaltungsort zu finden.","robots":{"index":"index","follow":"follow","max-snippet":"max-snippet:-1","max-image-preview":"max-image-preview:large","max-video-preview":"max-video-preview:-1"},"canonical":"https:\/\/www.trommel-workshops.de\/teamevents\/locations-trommel-workshops-und-dinnerpercussion\/","og_locale":"nl_NL","og_type":"article","og_title":"Locations Trommel-Workshops und Dinnerpercussion","og_description":"Wir bieten kraftvolle Djembe- und Trommelworkshops und unterst\u00fctzen Sie nat\u00fcrlich auch dabei, einen geeigneten Veranstaltungsort zu finden.","og_url":"https:\/\/www.trommel-workshops.de\/teamevents\/locations-trommel-workshops-und-dinnerpercussion\/","og_site_name":"Trommel Workshops","article_modified_time":"2017-02-10T10:41:41+00:00","og_image":[{"url":"http:\/\/www.trommel-workshops.de\/teamevents\/wp-content\/uploads\/2016\/02\/button.png","type":"","width":"","height":""}],"twitter_card":"summary_large_image","twitter_misc":{"Geschatte leestijd":"1 minuut"},"schema":{"@context":"https:\/\/schema.org","@graph":[{"@type":"WebPage","@id":"https:\/\/www.trommel-workshops.de\/teamevents\/locations-trommel-workshops-und-dinnerpercussion\/","url":"https:\/\/www.trommel-workshops.de\/teamevents\/locations-trommel-workshops-und-dinnerpercussion\/","name":"Locations Trommel-Workshops und Dinnerpercussion","isPartOf":{"@id":"https:\/\/www.trommel-workshops.de\/teamevents\/#website"},"primaryImageOfPage":{"@id":"https:\/\/www.trommel-workshops.de\/teamevents\/locations-trommel-workshops-und-dinnerpercussion\/#primaryimage"},"image":{"@id":"https:\/\/www.trommel-workshops.de\/teamevents\/locations-trommel-workshops-und-dinnerpercussion\/#primaryimage"},"thumbnailUrl":"http:\/\/www.trommel-workshops.de\/teamevents\/wp-content\/uploads\/2016\/02\/button.png","datePublished":"2016-02-03T16:19:36+00:00","dateModified":"2017-02-10T10:41:41+00:00","description":"Wir bieten kraftvolle Djembe- und Trommelworkshops und unterst\u00fctzen Sie nat\u00fcrlich auch dabei, einen geeigneten Veranstaltungsort zu finden.","breadcrumb":{"@id":"https:\/\/www.trommel-workshops.de\/teamevents\/locations-trommel-workshops-und-dinnerpercussion\/#breadcrumb"},"inLanguage":"nl-NL","potentialAction":[{"@type":"ReadAction","target":["https:\/\/www.trommel-workshops.de\/teamevents\/locations-trommel-workshops-und-dinnerpercussion\/"]}]},{"@type":"ImageObject","inLanguage":"nl-NL","@id":"https:\/\/www.trommel-workshops.de\/teamevents\/locations-trommel-workshops-und-dinnerpercussion\/#primaryimage","url":"https:\/\/www.trommel-workshops.de\/teamevents\/wp-content\/uploads\/2016\/02\/button.png","contentUrl":"https:\/\/www.trommel-workshops.de\/teamevents\/wp-content\/uploads\/2016\/02\/button.png","width":506,"height":46},{"@type":"BreadcrumbList","@id":"https:\/\/www.trommel-workshops.de\/teamevents\/locations-trommel-workshops-und-dinnerpercussion\/#breadcrumb","itemListElement":[{"@type":"ListItem","position":1,"name":"Home","item":"https:\/\/www.trommel-workshops.de\/teamevents\/"},{"@type":"ListItem","position":2,"name":"Locations"}]},{"@type":"WebSite","@id":"https:\/\/www.trommel-workshops.de\/teamevents\/#website","url":"https:\/\/www.trommel-workshops.de\/teamevents\/","name":"Trommel Workshops","description":"Djembe-Trommeln, Bodypercussion, Dinnerworkshops und Teamtrommeln","publisher":{"@id":"https:\/\/www.trommel-workshops.de\/teamevents\/#organization"},"potentialAction":[{"@type":"SearchAction","target":{"@type":"EntryPoint","urlTemplate":"https:\/\/www.trommel-workshops.de\/teamevents\/?s={search_term_string}"},"query-input":{"@type":"PropertyValueSpecification","valueRequired":true,"valueName":"search_term_string"}}],"inLanguage":"nl-NL"},{"@type":"Organization","@id":"https:\/\/www.trommel-workshops.de\/teamevents\/#organization","name":"Anitya, training en advies VOF","url":"https:\/\/www.trommel-workshops.de\/teamevents\/","logo":{"@type":"ImageObject","inLanguage":"nl-NL","@id":"https:\/\/www.trommel-workshops.de\/teamevents\/#\/schema\/logo\/image\/","url":"https:\/\/www.trommel-workshops.de\/teamevents\/wp-content\/uploads\/2016\/02\/Die-Trommelenden-Hollander_Tag_Logo.png","contentUrl":"https:\/\/www.trommel-workshops.de\/teamevents\/wp-content\/uploads\/2016\/02\/Die-Trommelenden-Hollander_Tag_Logo.png","width":1512,"height":459,"caption":"Anitya, training en advies VOF"},"image":{"@id":"https:\/\/www.trommel-workshops.de\/teamevents\/#\/schema\/logo\/image\/"}}]}},"_links":{"self":[{"href":"https:\/\/www.trommel-workshops.de\/teamevents\/wp-json\/wp\/v2\/pages\/38","targetHints":{"allow":["GET"]}}],"collection":[{"href":"https:\/\/www.trommel-workshops.de\/teamevents\/wp-json\/wp\/v2\/pages"}],"about":[{"href":"https:\/\/www.trommel-workshops.de\/teamevents\/wp-json\/wp\/v2\/types\/page"}],"author":[{"embeddable":true,"href":"https:\/\/www.trommel-workshops.de\/teamevents\/wp-json\/wp\/v2\/users\/1"}],"replies":[{"embeddable":true,"href":"https:\/\/www.trommel-workshops.de\/teamevents\/wp-json\/wp\/v2\/comments?post=38"}],"version-history":[{"count":0,"href":"https:\/\/www.trommel-workshops.de\/teamevents\/wp-json\/wp\/v2\/pages\/38\/revisions"}],"wp:attachment":[{"href":"https:\/\/www.trommel-workshops.de\/teamevents\/wp-json\/wp\/v2\/media?parent=38"}],"curies":[{"name":"wp","href":"https:\/\/api.w.org\/{rel}","templated":true}]}}