{"id":30,"date":"2016-02-03T17:15:54","date_gmt":"2016-02-03T16:15:54","guid":{"rendered":"http:\/\/www.trommel-workshops.de\/teamevents\/?page_id=30"},"modified":"2017-02-15T13:31:45","modified_gmt":"2017-02-15T12:31:45","slug":"preise-trommel-workshops-dinnerworkshops-bodypercussion","status":"publish","type":"page","link":"https:\/\/www.trommel-workshops.de\/teamevents\/preise-trommel-workshops-dinnerworkshops-bodypercussion\/","title":{"rendered":"preise-workshops-trommeln-dinnerworkshops-bodypercussion"},"content":{"rendered":"<h1>Qualit\u00e4t Trommel-Workshops zum g\u00fcnstigen Preis<\/h1>\n<p>&nbsp;<\/p>\n<h2>Wir bieten hohe Qualit\u00e4t zu einem guten Preis.<\/h2>\n<p>Bei uns k\u00f6nnen Sie den Workshop finden, der Ihrem Budget entspricht. Wir entwickeln f\u00fcr Sie ein individuelles Angebot.<\/p>\n<p>Der Preis h\u00e4ngt von der Anzahl der Teilnehmer, der Anzahl der Workshop-Leiter, der Dauer des Workshops, der Vorbereitungszeit sowie unseren Reisekosten ab.<\/p>\n<p>&nbsp;<\/p>\n<h2>Unvergessliches Erlebnis ab 15 \u20ac pro Person<\/h2>\n<p>Preise Workshops (ohne Miete der R\u00e4umlichkeit, Verpflegungs- und Fahrtkosten sowie USt \/ MwSt.) f\u00fcr:<\/p>\n<ul>\n<li>Gruppen mit mehr als 80 Personen: 12 bis 18 \u20ac pro Person<\/li>\n<li>Gruppen mit 80 Personen: 15 bis 20 \u20ac pro Person<\/li>\n<li>Gruppen mit ca. 35 Personen: 20 bis 25 \u20ac pro Person<\/li>\n<li>Gruppen mit ca. 20 Personen: 30 bis 40 \u20ac pro Person<\/li>\n<\/ul>\n<p>&nbsp;<\/p>\n<h2>Trommeln f\u00fcr bis zu 300 Personen<\/h2>\n<p>Wir arbeiten vor Ort in ganz Deutschland.<\/p>\n<p>Die Teilnehmerzahl unserer Percussion Workshops kann zwischen 10 und 300 Personen variieren.<\/p>\n<p>Wir machen Ihnen gerne ein individuelles <a href=\"http:\/\/www.trommel-workshops.de\/teamevents\/anfrage-workshops-trommeln-dinnerworkshops-bypercussion-afrikanisch-tanzen\/\">Angebot<\/a><\/p>\n<h1><strong><a href=\"http:\/\/www.trommel-workshops.de\/teamevents\/anfrage-workshops-trommeln-dinnerworkshops-bypercussion-afrikanisch-tanzen\/\" rel=\"attachment wp-att-66\"><img loading=\"lazy\" decoding=\"async\" class=\"alignnone wp-image-66 size-full\" src=\"http:\/\/www.trommel-workshops.de\/teamevents\/wp-content\/uploads\/2016\/02\/button.png\" alt=\"Angebot f\u00fcr Trommelworkshop anfragen\" width=\"506\" height=\"46\" srcset=\"https:\/\/www.trommel-workshops.de\/teamevents\/wp-content\/uploads\/2016\/02\/button.png 506w, https:\/\/www.trommel-workshops.de\/teamevents\/wp-content\/uploads\/2016\/02\/button-300x27.png 300w\" sizes=\"auto, (max-width: 506px) 100vw, 506px\" \/><\/a><\/strong><\/h1>\n<p>&nbsp;<\/p>\n","protected":false},"excerpt":{"rendered":"<p>Qualit\u00e4t Trommel-Workshops zum g\u00fcnstigen Preis &nbsp; Wir bieten hohe Qualit\u00e4t zu einem guten Preis. Bei uns k\u00f6nnen Sie den Workshop finden, der Ihrem Budget entspricht. Wir entwickeln f\u00fcr Sie ein&#8230; <\/p>\n","protected":false},"author":1,"featured_media":0,"parent":0,"menu_order":0,"comment_status":"closed","ping_status":"closed","template":"page-left.php","meta":{"footnotes":""},"class_list":["post-30","page","type-page","status-publish","hentry"],"yoast_head":"<!-- This site is optimized with the Yoast SEO plugin v27.1.1 - https:\/\/yoast.com\/product\/yoast-seo-wordpress\/ -->\n<title>Preise von Workshops trommeln, Dinnerpercussion und bodypercussion<\/title>\n<meta name=\"description\" content=\"Finden Sie ein Workshop der Ihrem Budget entspricht. F\u00fcr ein individuelles Angebot von einen Trommelworkshop, Dinnerprogramm oder Bodypercussion\" \/>\n<meta name=\"robots\" content=\"index, follow, max-snippet:-1, max-image-preview:large, max-video-preview:-1\" \/>\n<link rel=\"canonical\" href=\"https:\/\/www.trommel-workshops.de\/teamevents\/preise-trommel-workshops-dinnerworkshops-bodypercussion\/\" \/>\n<meta property=\"og:locale\" content=\"nl_NL\" \/>\n<meta property=\"og:type\" content=\"article\" \/>\n<meta property=\"og:title\" content=\"Preise von Workshops trommeln, Dinnerpercussion und bodypercussion\" \/>\n<meta property=\"og:description\" content=\"Finden Sie ein Workshop der Ihrem Budget entspricht. F\u00fcr ein individuelles Angebot von einen Trommelworkshop, Dinnerprogramm oder Bodypercussion\" \/>\n<meta property=\"og:url\" content=\"https:\/\/www.trommel-workshops.de\/teamevents\/preise-trommel-workshops-dinnerworkshops-bodypercussion\/\" \/>\n<meta property=\"og:site_name\" content=\"Trommel Workshops\" \/>\n<meta property=\"article:modified_time\" content=\"2017-02-15T12:31:45+00:00\" \/>\n<meta property=\"og:image\" content=\"http:\/\/www.trommel-workshops.de\/teamevents\/wp-content\/uploads\/2016\/02\/button.png\" \/>\n<meta name=\"twitter:card\" content=\"summary_large_image\" \/>\n<meta name=\"twitter:label1\" content=\"Geschatte leestijd\" \/>\n\t<meta name=\"twitter:data1\" content=\"1 minuut\" \/>\n<script type=\"application\/ld+json\" class=\"yoast-schema-graph\">{\"@context\":\"https:\/\/schema.org\",\"@graph\":[{\"@type\":\"WebPage\",\"@id\":\"https:\/\/www.trommel-workshops.de\/teamevents\/preise-trommel-workshops-dinnerworkshops-bodypercussion\/\",\"url\":\"https:\/\/www.trommel-workshops.de\/teamevents\/preise-trommel-workshops-dinnerworkshops-bodypercussion\/\",\"name\":\"Preise von Workshops trommeln, Dinnerpercussion und bodypercussion\",\"isPartOf\":{\"@id\":\"https:\/\/www.trommel-workshops.de\/teamevents\/#website\"},\"primaryImageOfPage\":{\"@id\":\"https:\/\/www.trommel-workshops.de\/teamevents\/preise-trommel-workshops-dinnerworkshops-bodypercussion\/#primaryimage\"},\"image\":{\"@id\":\"https:\/\/www.trommel-workshops.de\/teamevents\/preise-trommel-workshops-dinnerworkshops-bodypercussion\/#primaryimage\"},\"thumbnailUrl\":\"http:\/\/www.trommel-workshops.de\/teamevents\/wp-content\/uploads\/2016\/02\/button.png\",\"datePublished\":\"2016-02-03T16:15:54+00:00\",\"dateModified\":\"2017-02-15T12:31:45+00:00\",\"description\":\"Finden Sie ein Workshop der Ihrem Budget entspricht. F\u00fcr ein individuelles Angebot von einen Trommelworkshop, Dinnerprogramm oder Bodypercussion\",\"breadcrumb\":{\"@id\":\"https:\/\/www.trommel-workshops.de\/teamevents\/preise-trommel-workshops-dinnerworkshops-bodypercussion\/#breadcrumb\"},\"inLanguage\":\"nl-NL\",\"potentialAction\":[{\"@type\":\"ReadAction\",\"target\":[\"https:\/\/www.trommel-workshops.de\/teamevents\/preise-trommel-workshops-dinnerworkshops-bodypercussion\/\"]}]},{\"@type\":\"ImageObject\",\"inLanguage\":\"nl-NL\",\"@id\":\"https:\/\/www.trommel-workshops.de\/teamevents\/preise-trommel-workshops-dinnerworkshops-bodypercussion\/#primaryimage\",\"url\":\"https:\/\/www.trommel-workshops.de\/teamevents\/wp-content\/uploads\/2016\/02\/button.png\",\"contentUrl\":\"https:\/\/www.trommel-workshops.de\/teamevents\/wp-content\/uploads\/2016\/02\/button.png\",\"width\":506,\"height\":46},{\"@type\":\"BreadcrumbList\",\"@id\":\"https:\/\/www.trommel-workshops.de\/teamevents\/preise-trommel-workshops-dinnerworkshops-bodypercussion\/#breadcrumb\",\"itemListElement\":[{\"@type\":\"ListItem\",\"position\":1,\"name\":\"Home\",\"item\":\"https:\/\/www.trommel-workshops.de\/teamevents\/\"},{\"@type\":\"ListItem\",\"position\":2,\"name\":\"preise-workshops-trommeln-dinnerworkshops-bodypercussion\"}]},{\"@type\":\"WebSite\",\"@id\":\"https:\/\/www.trommel-workshops.de\/teamevents\/#website\",\"url\":\"https:\/\/www.trommel-workshops.de\/teamevents\/\",\"name\":\"Trommel Workshops\",\"description\":\"Djembe-Trommeln, Bodypercussion, Dinnerworkshops und Teamtrommeln\",\"publisher\":{\"@id\":\"https:\/\/www.trommel-workshops.de\/teamevents\/#organization\"},\"potentialAction\":[{\"@type\":\"SearchAction\",\"target\":{\"@type\":\"EntryPoint\",\"urlTemplate\":\"https:\/\/www.trommel-workshops.de\/teamevents\/?s={search_term_string}\"},\"query-input\":{\"@type\":\"PropertyValueSpecification\",\"valueRequired\":true,\"valueName\":\"search_term_string\"}}],\"inLanguage\":\"nl-NL\"},{\"@type\":\"Organization\",\"@id\":\"https:\/\/www.trommel-workshops.de\/teamevents\/#organization\",\"name\":\"Anitya, training en advies VOF\",\"url\":\"https:\/\/www.trommel-workshops.de\/teamevents\/\",\"logo\":{\"@type\":\"ImageObject\",\"inLanguage\":\"nl-NL\",\"@id\":\"https:\/\/www.trommel-workshops.de\/teamevents\/#\/schema\/logo\/image\/\",\"url\":\"https:\/\/www.trommel-workshops.de\/teamevents\/wp-content\/uploads\/2016\/02\/Die-Trommelenden-Hollander_Tag_Logo.png\",\"contentUrl\":\"https:\/\/www.trommel-workshops.de\/teamevents\/wp-content\/uploads\/2016\/02\/Die-Trommelenden-Hollander_Tag_Logo.png\",\"width\":1512,\"height\":459,\"caption\":\"Anitya, training en advies VOF\"},\"image\":{\"@id\":\"https:\/\/www.trommel-workshops.de\/teamevents\/#\/schema\/logo\/image\/\"}}]}<\/script>\n<!-- \/ Yoast SEO plugin. -->","yoast_head_json":{"title":"Preise von Workshops trommeln, Dinnerpercussion und bodypercussion","description":"Finden Sie ein Workshop der Ihrem Budget entspricht. F\u00fcr ein individuelles Angebot von einen Trommelworkshop, Dinnerprogramm oder Bodypercussion","robots":{"index":"index","follow":"follow","max-snippet":"max-snippet:-1","max-image-preview":"max-image-preview:large","max-video-preview":"max-video-preview:-1"},"canonical":"https:\/\/www.trommel-workshops.de\/teamevents\/preise-trommel-workshops-dinnerworkshops-bodypercussion\/","og_locale":"nl_NL","og_type":"article","og_title":"Preise von Workshops trommeln, Dinnerpercussion und bodypercussion","og_description":"Finden Sie ein Workshop der Ihrem Budget entspricht. F\u00fcr ein individuelles Angebot von einen Trommelworkshop, Dinnerprogramm oder Bodypercussion","og_url":"https:\/\/www.trommel-workshops.de\/teamevents\/preise-trommel-workshops-dinnerworkshops-bodypercussion\/","og_site_name":"Trommel Workshops","article_modified_time":"2017-02-15T12:31:45+00:00","og_image":[{"url":"http:\/\/www.trommel-workshops.de\/teamevents\/wp-content\/uploads\/2016\/02\/button.png","type":"","width":"","height":""}],"twitter_card":"summary_large_image","twitter_misc":{"Geschatte leestijd":"1 minuut"},"schema":{"@context":"https:\/\/schema.org","@graph":[{"@type":"WebPage","@id":"https:\/\/www.trommel-workshops.de\/teamevents\/preise-trommel-workshops-dinnerworkshops-bodypercussion\/","url":"https:\/\/www.trommel-workshops.de\/teamevents\/preise-trommel-workshops-dinnerworkshops-bodypercussion\/","name":"Preise von Workshops trommeln, Dinnerpercussion und bodypercussion","isPartOf":{"@id":"https:\/\/www.trommel-workshops.de\/teamevents\/#website"},"primaryImageOfPage":{"@id":"https:\/\/www.trommel-workshops.de\/teamevents\/preise-trommel-workshops-dinnerworkshops-bodypercussion\/#primaryimage"},"image":{"@id":"https:\/\/www.trommel-workshops.de\/teamevents\/preise-trommel-workshops-dinnerworkshops-bodypercussion\/#primaryimage"},"thumbnailUrl":"http:\/\/www.trommel-workshops.de\/teamevents\/wp-content\/uploads\/2016\/02\/button.png","datePublished":"2016-02-03T16:15:54+00:00","dateModified":"2017-02-15T12:31:45+00:00","description":"Finden Sie ein Workshop der Ihrem Budget entspricht. F\u00fcr ein individuelles Angebot von einen Trommelworkshop, Dinnerprogramm oder Bodypercussion","breadcrumb":{"@id":"https:\/\/www.trommel-workshops.de\/teamevents\/preise-trommel-workshops-dinnerworkshops-bodypercussion\/#breadcrumb"},"inLanguage":"nl-NL","potentialAction":[{"@type":"ReadAction","target":["https:\/\/www.trommel-workshops.de\/teamevents\/preise-trommel-workshops-dinnerworkshops-bodypercussion\/"]}]},{"@type":"ImageObject","inLanguage":"nl-NL","@id":"https:\/\/www.trommel-workshops.de\/teamevents\/preise-trommel-workshops-dinnerworkshops-bodypercussion\/#primaryimage","url":"https:\/\/www.trommel-workshops.de\/teamevents\/wp-content\/uploads\/2016\/02\/button.png","contentUrl":"https:\/\/www.trommel-workshops.de\/teamevents\/wp-content\/uploads\/2016\/02\/button.png","width":506,"height":46},{"@type":"BreadcrumbList","@id":"https:\/\/www.trommel-workshops.de\/teamevents\/preise-trommel-workshops-dinnerworkshops-bodypercussion\/#breadcrumb","itemListElement":[{"@type":"ListItem","position":1,"name":"Home","item":"https:\/\/www.trommel-workshops.de\/teamevents\/"},{"@type":"ListItem","position":2,"name":"preise-workshops-trommeln-dinnerworkshops-bodypercussion"}]},{"@type":"WebSite","@id":"https:\/\/www.trommel-workshops.de\/teamevents\/#website","url":"https:\/\/www.trommel-workshops.de\/teamevents\/","name":"Trommel Workshops","description":"Djembe-Trommeln, Bodypercussion, Dinnerworkshops und Teamtrommeln","publisher":{"@id":"https:\/\/www.trommel-workshops.de\/teamevents\/#organization"},"potentialAction":[{"@type":"SearchAction","target":{"@type":"EntryPoint","urlTemplate":"https:\/\/www.trommel-workshops.de\/teamevents\/?s={search_term_string}"},"query-input":{"@type":"PropertyValueSpecification","valueRequired":true,"valueName":"search_term_string"}}],"inLanguage":"nl-NL"},{"@type":"Organization","@id":"https:\/\/www.trommel-workshops.de\/teamevents\/#organization","name":"Anitya, training en advies VOF","url":"https:\/\/www.trommel-workshops.de\/teamevents\/","logo":{"@type":"ImageObject","inLanguage":"nl-NL","@id":"https:\/\/www.trommel-workshops.de\/teamevents\/#\/schema\/logo\/image\/","url":"https:\/\/www.trommel-workshops.de\/teamevents\/wp-content\/uploads\/2016\/02\/Die-Trommelenden-Hollander_Tag_Logo.png","contentUrl":"https:\/\/www.trommel-workshops.de\/teamevents\/wp-content\/uploads\/2016\/02\/Die-Trommelenden-Hollander_Tag_Logo.png","width":1512,"height":459,"caption":"Anitya, training en advies VOF"},"image":{"@id":"https:\/\/www.trommel-workshops.de\/teamevents\/#\/schema\/logo\/image\/"}}]}},"_links":{"self":[{"href":"https:\/\/www.trommel-workshops.de\/teamevents\/wp-json\/wp\/v2\/pages\/30","targetHints":{"allow":["GET"]}}],"collection":[{"href":"https:\/\/www.trommel-workshops.de\/teamevents\/wp-json\/wp\/v2\/pages"}],"about":[{"href":"https:\/\/www.trommel-workshops.de\/teamevents\/wp-json\/wp\/v2\/types\/page"}],"author":[{"embeddable":true,"href":"https:\/\/www.trommel-workshops.de\/teamevents\/wp-json\/wp\/v2\/users\/1"}],"replies":[{"embeddable":true,"href":"https:\/\/www.trommel-workshops.de\/teamevents\/wp-json\/wp\/v2\/comments?post=30"}],"version-history":[{"count":0,"href":"https:\/\/www.trommel-workshops.de\/teamevents\/wp-json\/wp\/v2\/pages\/30\/revisions"}],"wp:attachment":[{"href":"https:\/\/www.trommel-workshops.de\/teamevents\/wp-json\/wp\/v2\/media?parent=30"}],"curies":[{"name":"wp","href":"https:\/\/api.w.org\/{rel}","templated":true}]}}